{"id":284,"date":"2025-12-02T10:10:52","date_gmt":"2025-12-02T09:10:52","guid":{"rendered":"https:\/\/franceroutes.fr\/boutique\/?page_id=284"},"modified":"2025-12-02T10:11:29","modified_gmt":"2025-12-02T09:11:29","slug":"conditions-generales-dutilisation","status":"publish","type":"page","link":"https:\/\/franceroutes.fr\/boutique\/conditions-generales-dutilisation\/","title":{"rendered":"Conditions g\u00e9n\u00e9rales d&rsquo;utilisation"},"content":{"rendered":"\t\t<div data-elementor-type=\"wp-page\" data-elementor-id=\"284\" class=\"elementor elementor-284\" data-elementor-post-type=\"page\">\n\t\t\t\t<div class=\"elementor-element elementor-element-136d02f e-flex e-con-boxed e-con e-parent\" data-id=\"136d02f\" data-element_type=\"container\" data-e-type=\"container\">\n\t\t\t\t\t<div class=\"e-con-inner\">\n\t\t\t\t<div class=\"elementor-element elementor-element-264a5a2 elementor-widget elementor-widget-text-editor\" data-id=\"264a5a2\" data-element_type=\"widget\" data-e-type=\"widget\" data-widget_type=\"text-editor.default\">\n\t\t\t\t\t\t\t\t\t<p><strong>Soci\u00e9t\u00e9 \u00e9ditrice<\/strong>\u00a0: ALALOOP MEDIA<br \/>Soci\u00e9t\u00e9 par actions simplifi\u00e9e (SAS) au capital de 4 150 euros<br \/>934 067 356 R.C.S. Bobigny<\/p><p><strong>Directrice g\u00e9n\u00e9rale<\/strong>\u00a0: Fr\u00e9d\u00e9rique Carton<br \/><br \/><strong>Si\u00e8ge social<\/strong><\/p><p>85 rue de Maubeuge, 75010 Paris &#8211; FRANCE<br \/>\u00a0<\/p><p>1. Les pr\u00e9sentes Conditions d\u2019Utilisation ne r\u00e9gissent pas les services r\u00e9serv\u00e9s aux abonn\u00e9s.<\/p><p>2. Le pr\u00e9sent Site Web a \u00e9t\u00e9 cr\u00e9\u00e9 en France. En utilisant le pr\u00e9sent Site Web, vous acceptez les conditions d\u2019utilisation d\u00e9crites ci-apr\u00e8s, sans pr\u00e9judice de tous recours de nature contractuelle ou d\u00e9lictuelle pouvant \u00eatre exerc\u00e9s par ALALOOP MEDIA. Tout litige portant sur l\u2019interpr\u00e9tation ou l\u2019ex\u00e9cution d\u2019un engagement contractuel pr\u00e9vu au pr\u00e9sent site sera de la comp\u00e9tence exclusive des tribunaux fran\u00e7ais faisant application de la loi fran\u00e7aise.<\/p><p>3. Le pr\u00e9sent site Web et l\u2019ensemble de son contenu, y compris textes, images fixes ou anim\u00e9es, bases de donn\u00e9es, programmes, cgi, etc., ci-apr\u00e8s le Site Web, est prot\u00e9g\u00e9 par le droit d\u2019auteur.<\/p><p>4. ALALOOP MEDIA ne vous conc\u00e8de qu\u2019une autorisation de visualisation de son contenu \u00e0 titre personnel et priv\u00e9, \u00e0 l\u2019exclusion de toute visualisation ou diffusion publique. L\u2019autorisation de reproduction ne vous est conc\u00e9d\u00e9e que sous forme num\u00e9rique sur votre ordinateur de consultation aux fins de visualisation des pages consult\u00e9es par votre logiciel de navigation. L\u2019impression papier est autoris\u00e9e aux fins de copie priv\u00e9e \u00e0 l\u2019usage exclusif du copiste au sens de l\u2019article L. 122-5 2\u00b0 du Code de la Propri\u00e9t\u00e9 Intellectuelle. La cr\u00e9ation d\u2019un lien hypertexte sur le Site Web est autoris\u00e9e sans frame vers l\u2019adresse de la page de d\u2019accueil du site\u00a0<a href=\"https:\/\/www.franceroutes.fr\/\" target=\"_blank\" rel=\"nofollow noopener\">https:\/\/www.franceroutes.fr<\/a>\u00a0\u00e0 l\u2019exclusion de toute autre adresse.<\/p><p>5. Toute autre utilisation non express\u00e9ment vis\u00e9e aux pr\u00e9sentes conditions n\u2019est pas permise et n\u00e9cessite l\u2019accord expr\u00e8s \u00e9crit et pr\u00e9alable de ALALOOP MEDIA. Il ne vous est pas permis en dehors des utilisations express\u00e9ment conc\u00e9d\u00e9es ci-dessus, notamment : de reproduire des marques et logos de ALALOOP MEDIA, de r\u00e9aliser des liens hypertextes profonds sur tout \u00e9l\u00e9ment du Site Web autre que la page d\u2019accueil, d\u2019utiliser ou d\u2019extraire en tout ou en partie les bases de donn\u00e9es utilis\u00e9es par le Site Web, d\u2019utiliser tous programmes ou cgi utilis\u00e9s par le Site Web, etc.<\/p><p>6. Toute repr\u00e9sentation totale ou partielle du Site Web et des contenus qui y sont associ\u00e9s par quelque proc\u00e9d\u00e9 que ce soit, sans l\u2019autorisation expresse de ALALOOP MEDIA ou des tiers propri\u00e9taires des \u00e9l\u00e9ments diffus\u00e9s sur le Site Web, est interdite et constituerait une contrefa\u00e7on sanctionn\u00e9e par les articles L.335-2 et suivants du Code de la propri\u00e9t\u00e9 intellectuelle. Il en est de m\u00eame des bases de donn\u00e9es figurant sur le Site Web, qui sont prot\u00e9g\u00e9es par les dispositions de la loi du 1er juillet 1998 portant transposition dans le Code de la propri\u00e9t\u00e9 intellectuelle de la directive europ\u00e9enne du 11 mars 1996 relative \u00e0 la protection juridique des bases de donn\u00e9es.<\/p><p>7. Les marques et logos figurant sur le Site Web sont des marques d\u00e9pos\u00e9es et prot\u00e9g\u00e9es. Toute reproduction totale ou partielle de ces marques ainsi que toute repr\u00e9sentation totale ou partielle de ces marques et\/ou logos sans l\u2019autorisation expresse de ALALOOP MEDIA est prohib\u00e9e au sens du Code de la propri\u00e9t\u00e9 intellectuelle.<\/p><p>8. Le Site Web peut comporter un certain nombre d\u2019images fixes repr\u00e9sentant des personnes. Il est rappel\u00e9 que les personnes ont un droit absolu sur leur image et que nul ne peut la reproduire sans une autorisation \u00e9crite de ALALOOP MEDIA.<\/p><p>9. L\u2019utilisateur du Site Web reconna\u00eet disposer de la comp\u00e9tence et des moyens n\u00e9cessaires pour acc\u00e9der et utiliser ce Site Web sous sa seule responsabilit\u00e9.<\/p><p>10. Les informations pr\u00e9sentes sur le pr\u00e9sent Site Web ont \u00e9t\u00e9 compil\u00e9es \u00e0 partir de plusieurs sources et sont sujettes \u00e0 changement sans pr\u00e9avis.<\/p><p>11. ALALOOP MEDIA ne vous garantit pas l\u2019exactitude, compl\u00e9tude, ad\u00e9quation ou fonctionnement du Site Web ou de l\u2019information qu\u2019il contient, ni que ladite information a \u00e9t\u00e9 v\u00e9rifi\u00e9e par ALALOOP MEDIA.<\/p><p>12. ALALOOP MEDIA n\u2019assume aucune responsabilit\u00e9 relative \u00e0 l\u2019information contenue dans le pr\u00e9sent Site Web et d\u00e9cline toute responsabilit\u00e9 d\u00e9coulant d\u2019une n\u00e9gligence ou autre concernant cette information.<\/p><p>13. ALALOOP MEDIA ne vous garantit pas l\u2019existence ou la disponibilit\u00e9 de toute offre ou annonce mentionn\u00e9e dans le pr\u00e9sent Site Web.<\/p><p>14. Dans la mesure o\u00f9 vous utiliseriez le Site Web aux fins de produire de quelconques contributions ou contenus constituant un message intelligible et accessible au public, tel que, notamment, offres ou demandes d\u2019emploi, des commentaires, des annonces, etc., vous vous engagez \u00e0 ce que ces contributions et contenus soient conformes \u00e0 l\u2019ordre public et respectent les droits des tiers au regard des lois et r\u00e8glements applicables. ALALOOP MEDIA n\u2019assume aucune responsabilit\u00e9 \u00e9ditoriale au titre de ces contributions ou contenus qui ne font pas l\u2019objet d\u2019une mod\u00e9ration a priori, et qui sont simplement techniquement h\u00e9berg\u00e9s par ALALOOP MEDIA, au sens de l\u2019article 6 de la loi n\u00b02004-575 du 21 Juin 2004 pour la Confiance dans l\u2019Economie Num\u00e9rique. ALALOOP MEDIA se r\u00e9serve la facult\u00e9 de suspendre ou supprimer, sans formalit\u00e9 pr\u00e9alable, ni pr\u00e9avis, et sans justification, tous contenus ou contributions, ce que vous acceptez express\u00e9ment. ALALOOP MEDIA pourra ainsi suspendre ou supprimer ces contenus ou contributions, si, selon son appr\u00e9ciation, ceux-ci sont en infraction avec les pr\u00e9sentes dispositions, ou s\u2019il lui \u00e9tait notifi\u00e9 le caract\u00e8re illicite des contenus ou contributions.<\/p><p>15. En utilisant le pr\u00e9sent Site Web, vous assumez les risques relatifs \u00e0 la compl\u00e9tude, exactitude, ad\u00e9quation ou actualit\u00e9 de l\u2019information.<\/p><p>16. L\u2019utilisateur est inform\u00e9 que, lors de ses visites sur le Site Web, plusieurs cookies peuvent s\u2019installer automatiquement sur son logiciel de navigation. Le cookie est un bloc de donn\u00e9es qui ne permet pas d\u2019identifier l\u2019utilisateur mais sert \u00e0 enregistrer des informations relatives \u00e0 la navigation de celui-ci sur le Site Web. On note 3 cookies diff\u00e9rents. Le cookie de gestion de compte, il contient l\u2019identifiant de la session (dur\u00e9e de vie : 30 minutes) ; le cookie de session, il ne contient aucune valeur personnelle (dur\u00e9e de vie : fermeture du navigateur) ; le cookie de sondage, il contient les valeurs des sondages renseign\u00e9s par l\u2019internaute (dur\u00e9e de vie : 1 an).<br \/>Le param\u00e9trage du logiciel de navigation permet d\u2019\u00eatre inform\u00e9 de la pr\u00e9sence des cookies et \u00e9ventuellement de les refuser.<\/p><p>17. Les informations susceptibles d\u2019\u00eatre collect\u00e9es sur le pr\u00e9sent site sont exclusivement destin\u00e9es \u00e0 sa mise en \u0153uvre par ALALOOP MEDIA. Vous disposez d\u2019un droit d\u2019acc\u00e8s, de modification, de rectification et de suppression des donn\u00e9es qui vous concernent (articles 38 et s. de la loi susvis\u00e9e dite \u00ab\u00a0Informatique et Libert\u00e9s\u00a0\u00bb). Ce droit peut \u00eatre exerc\u00e9 en adressant un courrier \u00e0 :<\/p><p>ALALOOP MEDIA<br \/>85 rue de Maubeuge<br \/>75010 Paris<\/p><p>18. Le pr\u00e9sent Site Web peut \u00eatre amen\u00e9 \u00e0 transmettre ces informations \u00e0 des tiers, notamment \u00e0 des fins de prospection commerciale. L\u2019autorisation de l\u2019utilisateur lui sera alors demand\u00e9e \u00e0 l\u2019occasion de la collecte de ces informations. Si l\u2019utilisateur ne le souhaite pas, ou s\u2019il souhaite ult\u00e9rieurement s\u2019y opposer, il lui est loisible de faire conna\u00eetre son refus aux adresses ci-dessus indiqu\u00e9es.<\/p><p>19. Pour estimer la fr\u00e9quentation du Site Web ou d\u00e9tecter d\u2019\u00e9ventuelles intrusions informatiques, le pr\u00e9sent Site Web exploite les donn\u00e9es de connexion au site (date, heure, adresse Internet Protocol de l\u2019ordinateur d\u2019un visiteur, page consult\u00e9e).<\/p>\t\t\t\t\t\t\t\t<\/div>\n\t\t\t\t\t<\/div>\n\t\t\t\t<\/div>\n\t\t\t\t<\/div>\n\t\t","protected":false},"excerpt":{"rendered":"<p>Soci\u00e9t\u00e9 \u00e9ditrice\u00a0: ALALOOP MEDIASoci\u00e9t\u00e9 par actions simplifi\u00e9e (SAS) au capital de 4 150 euros934 067 356 R.C.S. Bobigny Directrice g\u00e9n\u00e9rale\u00a0: Fr\u00e9d\u00e9rique Carton Si\u00e8ge social 85 rue de Maubeuge, 75010 Paris &#8211; FRANCE\u00a0 1. Les pr\u00e9sentes Conditions d\u2019Utilisation ne r\u00e9gissent pas les services r\u00e9serv\u00e9s aux abonn\u00e9s. 2. Le pr\u00e9sent Site Web a \u00e9t\u00e9 cr\u00e9\u00e9 en France. [&hellip;]<\/p>\n","protected":false},"author":2,"featured_media":0,"parent":0,"menu_order":0,"comment_status":"closed","ping_status":"closed","template":"","meta":{"footnotes":""},"class_list":["post-284","page","type-page","status-publish","hentry"],"yoast_head":"<!-- This site is optimized with the Yoast SEO plugin v27.4 - https:\/\/yoast.com\/product\/yoast-seo-wordpress\/ -->\n<title>Conditions g\u00e9n\u00e9rales d&#039;utilisation - Boutique France Routes<\/title>\n<meta name=\"robots\" content=\"index, follow, max-snippet:-1, max-image-preview:large, max-video-preview:-1\" \/>\n<link rel=\"canonical\" href=\"https:\/\/franceroutes.fr\/boutique\/conditions-generales-dutilisation\/\" \/>\n<meta property=\"og:locale\" content=\"fr_FR\" \/>\n<meta property=\"og:type\" content=\"article\" \/>\n<meta property=\"og:title\" content=\"Conditions g\u00e9n\u00e9rales d&#039;utilisation - Boutique France Routes\" \/>\n<meta property=\"og:description\" content=\"Soci\u00e9t\u00e9 \u00e9ditrice\u00a0: ALALOOP MEDIASoci\u00e9t\u00e9 par actions simplifi\u00e9e (SAS) au capital de 4 150 euros934 067 356 R.C.S. Bobigny Directrice g\u00e9n\u00e9rale\u00a0: Fr\u00e9d\u00e9rique Carton Si\u00e8ge social 85 rue de Maubeuge, 75010 Paris &#8211; FRANCE\u00a0 1. Les pr\u00e9sentes Conditions d\u2019Utilisation ne r\u00e9gissent pas les services r\u00e9serv\u00e9s aux abonn\u00e9s. 2. Le pr\u00e9sent Site Web a \u00e9t\u00e9 cr\u00e9\u00e9 en France. [&hellip;]\" \/>\n<meta property=\"og:url\" content=\"https:\/\/franceroutes.fr\/boutique\/conditions-generales-dutilisation\/\" \/>\n<meta property=\"og:site_name\" content=\"Boutique France Routes\" \/>\n<meta property=\"article:modified_time\" content=\"2025-12-02T09:11:29+00:00\" \/>\n<meta name=\"twitter:card\" content=\"summary_large_image\" \/>\n<meta name=\"twitter:label1\" content=\"Dur\u00e9e de lecture estim\u00e9e\" \/>\n\t<meta name=\"twitter:data1\" content=\"7 minutes\" \/>\n<script type=\"application\/ld+json\" class=\"yoast-schema-graph\">{\"@context\":\"https:\\\/\\\/schema.org\",\"@graph\":[{\"@type\":\"WebPage\",\"@id\":\"https:\\\/\\\/franceroutes.fr\\\/boutique\\\/conditions-generales-dutilisation\\\/\",\"url\":\"https:\\\/\\\/franceroutes.fr\\\/boutique\\\/conditions-generales-dutilisation\\\/\",\"name\":\"Conditions g\u00e9n\u00e9rales d'utilisation - Boutique France Routes\",\"isPartOf\":{\"@id\":\"https:\\\/\\\/franceroutes.fr\\\/boutique\\\/#website\"},\"datePublished\":\"2025-12-02T09:10:52+00:00\",\"dateModified\":\"2025-12-02T09:11:29+00:00\",\"breadcrumb\":{\"@id\":\"https:\\\/\\\/franceroutes.fr\\\/boutique\\\/conditions-generales-dutilisation\\\/#breadcrumb\"},\"inLanguage\":\"fr-FR\",\"potentialAction\":[{\"@type\":\"ReadAction\",\"target\":[\"https:\\\/\\\/franceroutes.fr\\\/boutique\\\/conditions-generales-dutilisation\\\/\"]}]},{\"@type\":\"BreadcrumbList\",\"@id\":\"https:\\\/\\\/franceroutes.fr\\\/boutique\\\/conditions-generales-dutilisation\\\/#breadcrumb\",\"itemListElement\":[{\"@type\":\"ListItem\",\"position\":1,\"name\":\"Accueil\",\"item\":\"https:\\\/\\\/franceroutes.fr\\\/boutique\\\/\"},{\"@type\":\"ListItem\",\"position\":2,\"name\":\"Conditions g\u00e9n\u00e9rales d&rsquo;utilisation\"}]},{\"@type\":\"WebSite\",\"@id\":\"https:\\\/\\\/franceroutes.fr\\\/boutique\\\/#website\",\"url\":\"https:\\\/\\\/franceroutes.fr\\\/boutique\\\/\",\"name\":\"Boutique France Routes\",\"description\":\"\",\"publisher\":{\"@id\":\"https:\\\/\\\/franceroutes.fr\\\/boutique\\\/#organization\"},\"potentialAction\":[{\"@type\":\"SearchAction\",\"target\":{\"@type\":\"EntryPoint\",\"urlTemplate\":\"https:\\\/\\\/franceroutes.fr\\\/boutique\\\/?s={search_term_string}\"},\"query-input\":{\"@type\":\"PropertyValueSpecification\",\"valueRequired\":true,\"valueName\":\"search_term_string\"}}],\"inLanguage\":\"fr-FR\"},{\"@type\":\"Organization\",\"@id\":\"https:\\\/\\\/franceroutes.fr\\\/boutique\\\/#organization\",\"name\":\"Boutique France Routes\",\"url\":\"https:\\\/\\\/franceroutes.fr\\\/boutique\\\/\",\"logo\":{\"@type\":\"ImageObject\",\"inLanguage\":\"fr-FR\",\"@id\":\"https:\\\/\\\/franceroutes.fr\\\/boutique\\\/#\\\/schema\\\/logo\\\/image\\\/\",\"url\":\"https:\\\/\\\/franceroutes.fr\\\/boutique\\\/wp-content\\\/uploads\\\/2025\\\/11\\\/logo-franceroutes.png\",\"contentUrl\":\"https:\\\/\\\/franceroutes.fr\\\/boutique\\\/wp-content\\\/uploads\\\/2025\\\/11\\\/logo-franceroutes.png\",\"width\":1032,\"height\":303,\"caption\":\"Boutique France Routes\"},\"image\":{\"@id\":\"https:\\\/\\\/franceroutes.fr\\\/boutique\\\/#\\\/schema\\\/logo\\\/image\\\/\"}}]}<\/script>\n<!-- \/ Yoast SEO plugin. -->","yoast_head_json":{"title":"Conditions g\u00e9n\u00e9rales d'utilisation - Boutique France Routes","robots":{"index":"index","follow":"follow","max-snippet":"max-snippet:-1","max-image-preview":"max-image-preview:large","max-video-preview":"max-video-preview:-1"},"canonical":"https:\/\/franceroutes.fr\/boutique\/conditions-generales-dutilisation\/","og_locale":"fr_FR","og_type":"article","og_title":"Conditions g\u00e9n\u00e9rales d'utilisation - Boutique France Routes","og_description":"Soci\u00e9t\u00e9 \u00e9ditrice\u00a0: ALALOOP MEDIASoci\u00e9t\u00e9 par actions simplifi\u00e9e (SAS) au capital de 4 150 euros934 067 356 R.C.S. Bobigny Directrice g\u00e9n\u00e9rale\u00a0: Fr\u00e9d\u00e9rique Carton Si\u00e8ge social 85 rue de Maubeuge, 75010 Paris &#8211; FRANCE\u00a0 1. Les pr\u00e9sentes Conditions d\u2019Utilisation ne r\u00e9gissent pas les services r\u00e9serv\u00e9s aux abonn\u00e9s. 2. Le pr\u00e9sent Site Web a \u00e9t\u00e9 cr\u00e9\u00e9 en France. [&hellip;]","og_url":"https:\/\/franceroutes.fr\/boutique\/conditions-generales-dutilisation\/","og_site_name":"Boutique France Routes","article_modified_time":"2025-12-02T09:11:29+00:00","twitter_card":"summary_large_image","twitter_misc":{"Dur\u00e9e de lecture estim\u00e9e":"7 minutes"},"schema":{"@context":"https:\/\/schema.org","@graph":[{"@type":"WebPage","@id":"https:\/\/franceroutes.fr\/boutique\/conditions-generales-dutilisation\/","url":"https:\/\/franceroutes.fr\/boutique\/conditions-generales-dutilisation\/","name":"Conditions g\u00e9n\u00e9rales d'utilisation - Boutique France Routes","isPartOf":{"@id":"https:\/\/franceroutes.fr\/boutique\/#website"},"datePublished":"2025-12-02T09:10:52+00:00","dateModified":"2025-12-02T09:11:29+00:00","breadcrumb":{"@id":"https:\/\/franceroutes.fr\/boutique\/conditions-generales-dutilisation\/#breadcrumb"},"inLanguage":"fr-FR","potentialAction":[{"@type":"ReadAction","target":["https:\/\/franceroutes.fr\/boutique\/conditions-generales-dutilisation\/"]}]},{"@type":"BreadcrumbList","@id":"https:\/\/franceroutes.fr\/boutique\/conditions-generales-dutilisation\/#breadcrumb","itemListElement":[{"@type":"ListItem","position":1,"name":"Accueil","item":"https:\/\/franceroutes.fr\/boutique\/"},{"@type":"ListItem","position":2,"name":"Conditions g\u00e9n\u00e9rales d&rsquo;utilisation"}]},{"@type":"WebSite","@id":"https:\/\/franceroutes.fr\/boutique\/#website","url":"https:\/\/franceroutes.fr\/boutique\/","name":"Boutique France Routes","description":"","publisher":{"@id":"https:\/\/franceroutes.fr\/boutique\/#organization"},"potentialAction":[{"@type":"SearchAction","target":{"@type":"EntryPoint","urlTemplate":"https:\/\/franceroutes.fr\/boutique\/?s={search_term_string}"},"query-input":{"@type":"PropertyValueSpecification","valueRequired":true,"valueName":"search_term_string"}}],"inLanguage":"fr-FR"},{"@type":"Organization","@id":"https:\/\/franceroutes.fr\/boutique\/#organization","name":"Boutique France Routes","url":"https:\/\/franceroutes.fr\/boutique\/","logo":{"@type":"ImageObject","inLanguage":"fr-FR","@id":"https:\/\/franceroutes.fr\/boutique\/#\/schema\/logo\/image\/","url":"https:\/\/franceroutes.fr\/boutique\/wp-content\/uploads\/2025\/11\/logo-franceroutes.png","contentUrl":"https:\/\/franceroutes.fr\/boutique\/wp-content\/uploads\/2025\/11\/logo-franceroutes.png","width":1032,"height":303,"caption":"Boutique France Routes"},"image":{"@id":"https:\/\/franceroutes.fr\/boutique\/#\/schema\/logo\/image\/"}}]}},"_links":{"self":[{"href":"https:\/\/franceroutes.fr\/boutique\/wp-json\/wp\/v2\/pages\/284","targetHints":{"allow":["GET"]}}],"collection":[{"href":"https:\/\/franceroutes.fr\/boutique\/wp-json\/wp\/v2\/pages"}],"about":[{"href":"https:\/\/franceroutes.fr\/boutique\/wp-json\/wp\/v2\/types\/page"}],"author":[{"embeddable":true,"href":"https:\/\/franceroutes.fr\/boutique\/wp-json\/wp\/v2\/users\/2"}],"replies":[{"embeddable":true,"href":"https:\/\/franceroutes.fr\/boutique\/wp-json\/wp\/v2\/comments?post=284"}],"version-history":[{"count":4,"href":"https:\/\/franceroutes.fr\/boutique\/wp-json\/wp\/v2\/pages\/284\/revisions"}],"predecessor-version":[{"id":288,"href":"https:\/\/franceroutes.fr\/boutique\/wp-json\/wp\/v2\/pages\/284\/revisions\/288"}],"wp:attachment":[{"href":"https:\/\/franceroutes.fr\/boutique\/wp-json\/wp\/v2\/media?parent=284"}],"curies":[{"name":"wp","href":"https:\/\/api.w.org\/{rel}","templated":true}]}}